{"id":991,"date":"2020-10-27T09:01:15","date_gmt":"2020-10-27T08:01:15","guid":{"rendered":"https:\/\/www.modelisme.ligea.fr\/?page_id=991"},"modified":"2023-04-12T23:02:40","modified_gmt":"2023-04-12T21:02:40","slug":"mentions-legales","status":"publish","type":"page","link":"https:\/\/www.modelisme.ligea.fr\/index.php\/mentions-legales\/","title":{"rendered":"Mentions l\u00e9gales"},"content":{"rendered":"\t\t<div data-elementor-type=\"wp-page\" data-elementor-id=\"991\" class=\"elementor elementor-991\">\n\t\t\t\t\t\t<section class=\"elementor-section elementor-top-section elementor-element elementor-element-4e13f07 elementor-section-boxed elementor-section-height-default elementor-section-height-default\" data-id=\"4e13f07\" data-element_type=\"section\" data-e-type=\"section\">\n\t\t\t\t\t\t<div class=\"elementor-container elementor-column-gap-default\">\n\t\t\t\t\t<div class=\"elementor-column elementor-col-100 elementor-top-column elementor-element elementor-element-c215aa8\" data-id=\"c215aa8\" data-element_type=\"column\" data-e-type=\"column\">\n\t\t\t<div class=\"elementor-widget-wrap elementor-element-populated\">\n\t\t\t\t\t\t<div class=\"elementor-element elementor-element-90ea483 elementor-widget elementor-widget-text-editor\" data-id=\"90ea483\" data-element_type=\"widget\" data-e-type=\"widget\" data-widget_type=\"text-editor.default\">\n\t\t\t\t<div class=\"elementor-widget-container\">\n\t\t\t\t\t\t\t\t\t<h1>Lig\u00e9a automatismes<\/h1><div class=\"marginTop20\">SASU au capital de 2 000 \u20ac<br \/>RCS Pontoise 839 768 926 00017<br \/>Code APE 2612Z<\/div><div class=\"marginTop20\">SIRET : 83976892600017<br \/>TVA : FR92839768926<br \/>Si\u00e8ge social : 9 rue des c\u00e9pages &#8211; 95300 PONTOISE &#8211; France<\/div><div class=\"marginTop20\"><div>Directeur de la publication : G\u00e9rard PERRIN<\/div><div>\u00a0<\/div><\/div><div>Adresse mail de contact : contact@ligea.fr<\/div><div>T\u00e9l\u00e9phone de contact : 07 68 23 43 29<\/div><div>\u00a0<\/div><h3>1 &#8211; H\u00e9bergement.<\/h3><div>02switch<\/div><div>Chemin des Pardiaux<\/div><div>63000 Clermont-Ferrand<\/div><div><a href=\"https:\/\/www.o2switch.fr\" target=\"_blank\" rel=\"noopener\"><span style=\"color: #ff0000;\">https:\/\/www.o2switch.fr<\/span><\/a><\/div><div class=\"marginTop20\"><div>\u00a0<\/div><\/div><h4 style=\"text-align: justify;\"><strong>2. Conditions g\u00e9n\u00e9rales d\u2019utilisation du site et des services propos\u00e9s.<\/strong><\/h4><p style=\"text-align: justify;\">L\u2019utilisation du site implique l\u2019acceptation pleine et enti\u00e8re des conditions g\u00e9n\u00e9rales d\u2019utilisation ci-apr\u00e8s d\u00e9crites.<br \/>Ces conditions d\u2019utilisation sont susceptibles d\u2019\u00eatre modifi\u00e9es ou compl\u00e9t\u00e9es \u00e0 tout moment, les utilisateurs du site sont donc invit\u00e9s \u00e0 les consulter de mani\u00e8re r\u00e9guli\u00e8re.<br \/>Ce site est normalement accessible \u00e0 tout moment aux utilisateurs. Une interruption pour raison de maintenance technique peut \u00eatre toutefois d\u00e9cid\u00e9e.<br \/>Ce site est mis \u00e0 jour r\u00e9guli\u00e8rement. De la m\u00eame fa\u00e7on, les mentions l\u00e9gales peuvent \u00eatre modifi\u00e9es \u00e0 tout moment : elles s\u2019imposent n\u00e9anmoins \u00e0 l\u2019utilisateur qui est invit\u00e9 \u00e0 s\u2019y r\u00e9f\u00e9rer le plus souvent possible afin d\u2019en prendre connaissance.<\/p><h4>3 &#8211; Objet du site.<\/h4><div>Le site www.modelisme.ligea.fr est un site de pr\u00e9sentation des produits commercialis\u00e9s par la soci\u00e9t\u00e9 Lig\u00e9a automatismes et une boutique en ligne pour une partie des produits.\u00a0<\/div><div>\u00a0<\/div><div>\u00a0<span style=\"font-size: 14px; color: var( --e-global-color-text );\">Pour les utilisateurs de la solution de pilotage pour r\u00e9seaux ferroviaires miniatures (Ladybird) une page utilisateur leur permet d&rsquo;avoir acc\u00e8s aux documents relatifs \u00e0 leur r\u00e9seau (sch\u00e9ma de c\u00e2blage, fichiers de configuration ou d&rsquo;installation).<\/span><\/div><div style=\"text-align: justify;\">L&rsquo;acc\u00e8s \u00e0 la page utilisateur est un service offert \u00e0 titre gracieux par Lig\u00e9a automatismes \u00e0 ses clients. Ce service peut \u00eatre suspendu pour tout ou partie des utilisateurs sans obligation de justification ou de pr\u00e9venance de la part de Lig\u00e9a automatismes. Aussi, les utilisateurs sont invit\u00e9s \u00e0 r\u00e9cup\u00e9rer leurs fichiers et \u00e0 les stocker sur un espace personnel. Lig\u00e9a automatismes ne pourrait \u00eatre tenu pour responsable en cas de perte de ces fichiers.\u00a0\u00a0<\/div><div>\u00a0<\/div><h4><strong>4. Limitations contractuelles sur les donn\u00e9es techniques.<\/strong><\/h4><div style=\"text-align: justify;\">Le site Internet ne pourra \u00eatre tenu responsable de dommages mat\u00e9riels li\u00e9s \u00e0 l\u2019utilisation du site. De plus, l\u2019utilisateur du site s\u2019engage \u00e0 acc\u00e9der au site en utilisant un mat\u00e9riel r\u00e9cent, ne contenant pas de virus et avec un navigateur de derni\u00e8re g\u00e9n\u00e9ration mis-\u00e0-jour.<\/div><div>\u00a0<\/div><h4><strong>5. Propri\u00e9t\u00e9 intellectuelle et contrefa\u00e7ons.<\/strong><\/h4><p style=\"text-align: justify;\">La soci\u00e9t\u00e9 Lig\u00e9a automatismes\u00a0 est propri\u00e9taire des droits de propri\u00e9t\u00e9 intellectuelle et d\u00e9tient les droits d\u2019usage sur tous les \u00e9l\u00e9ments accessibles sur le site, notamment les textes, images, graphismes, logo, ic\u00f4nes, sons, logiciels.<br \/>Toute reproduction, repr\u00e9sentation, modification, publication, adaptation de tout ou partie des \u00e9l\u00e9ments du site, quel que soit le moyen ou le proc\u00e9d\u00e9 utilis\u00e9, est interdite, sauf autorisation \u00e9crite pr\u00e9alable du cabinet.<br \/>Toute exploitation non autoris\u00e9e du site ou de l\u2019un quelconque des \u00e9l\u00e9ments qu\u2019il contient sera consid\u00e9r\u00e9e comme constitutive d\u2019une contrefa\u00e7on et poursuivie conform\u00e9ment aux dispositions des articles L. 335-2 et suivants du Code de la Propri\u00e9t\u00e9 Intellectuelle.<\/p><h4><strong>6. Limitations de responsabilit\u00e9.<\/strong><\/h4><p>La soci\u00e9t\u00e9 Lig\u00e9a automatismes ne pourra \u00eatre tenue responsable des dommages directs et indirects caus\u00e9s au mat\u00e9riel de l\u2019utilisateur, lors de l\u2019acc\u00e8s au site, et r\u00e9sultant soit de l\u2019utilisation d\u2019un mat\u00e9riel ne r\u00e9pondant pas aux sp\u00e9cifications indiqu\u00e9es au point 4, soit de l\u2019apparition d\u2019un bug ou d\u2019une incompatibilit\u00e9.<\/p><h4><strong>7. Gestion des donn\u00e9es personnelles.<\/strong><\/h4><div><div>D&rsquo;une fa\u00e7on g\u00e9n\u00e9rale, vous pouvez visiter notre site sans avoir \u00e0 d\u00e9cliner votre identit\u00e9 et \u00e0 fournir des informations personnelles vous concernant.<\/div><div>Les utilisateurs se connectent \u00e0 leur espace par un login et mot de passe. Outre ces informations, les nom, pr\u00e9nom et adresse mail sont enregistr\u00e9s sur le site uniquement \u00e0 des fin de gestion des informations de connexion et de r\u00e9initialisation des mots de passe<\/div><div>\u00a0<\/div><\/div><div style=\"text-align: justify;\">En France, les donn\u00e9es personnelles sont notamment prot\u00e9g\u00e9es par la loi n\u00b0 78-17 du 6 janvier 1978, la loi n\u00b0 2004-801 du 6 ao\u00fbt 2004, l\u2019article L. 226-16 du Code P\u00e9nal et la Directive 95\/46\/CE du 24 octobre 1995.<br \/>A l\u2019occasion de l\u2019utilisation de ce site, peuvent \u00eatres recueillies : l\u2019URL des liens par l\u2019interm\u00e9diaire desquels l\u2019utilisateur a acc\u00e9d\u00e9 au site, le fournisseur d\u2019acc\u00e8s de l\u2019utilisateur, l\u2019adresse de protocole Internet (IP) de l\u2019utilisateur.<br \/>En tout \u00e9tat de cause ce site ne collecte des informations personnelles relatives \u00e0 l\u2019utilisateur que pour le besoin de certains services propos\u00e9s. L\u2019utilisateur fournit ces informations en toute connaissance de cause, notamment lorsqu\u2019il proc\u00e8de par lui-m\u00eame \u00e0 leur saisie. Il est alors pr\u00e9cis\u00e9 \u00e0 l\u2019utilisateur du site l\u2019obligation ou non de fournir ces informations.<br \/>Conform\u00e9ment aux dispositions des articles 38 et suivants de la loi 78-17 du 6 janvier 1978 relative \u00e0 l\u2019informatique, aux fichiers et aux libert\u00e9s, tout utilisateur dispose d\u2019un droit d\u2019acc\u00e8s, de rectification et d\u2019opposition aux donn\u00e9es personnelles le concernant, en effectuant sa demande \u00e9crite et sign\u00e9e, accompagn\u00e9e d\u2019une copie du titre d\u2019identit\u00e9 avec signature du titulaire de la pi\u00e8ce, en pr\u00e9cisant l\u2019adresse \u00e0 laquelle la r\u00e9ponse doit \u00eatre envoy\u00e9e.<br \/>Aucune information personnelle de l\u2019utilisateur du site n\u2019est publi\u00e9e \u00e0 l\u2019insu de l\u2019utilisateur, \u00e9chang\u00e9e, transf\u00e9r\u00e9e, c\u00e9d\u00e9e ou vendue sur un support quelconque \u00e0 des tiers.<br \/>Les bases de donn\u00e9es sont prot\u00e9g\u00e9es par les dispositions de la loi 98-536 du 1er juillet 1998 transposant la directive 96\/9\/CE du 11 mars 1996 concernant la protection juridique des bases de donn\u00e9es.<\/div><div>\u00a0<\/div><h4><strong>8. Cookies.<\/strong><\/h4><div style=\"text-align: justify;\">La navigation sur le site est susceptible de provoquer l\u2019installation de cookie(s) sur l\u2019ordinateur de l\u2019utilisateur. Un cookie est un fichier de petite taille, qui ne permet pas l\u2019identification de l\u2019utilisateur, mais qui enregistre des informations relatives \u00e0 la navigation d\u2019un ordinateur sur un site. Les donn\u00e9es ainsi obtenues visent \u00e0 faciliter la navigation ult\u00e9rieure sur le site, et ont \u00e9galement vocation \u00e0 permettre diverses mesures de fr\u00e9quentation.<br \/>Le refus d\u2019installation d\u2019un cookie peut entra\u00eener l\u2019impossibilit\u00e9 d\u2019acc\u00e9der \u00e0 certains services. L\u2019utilisateur peut toutefois configurer son ordinateur pour refuser l\u2019installation des cookies.<\/div><div>\u00a0<\/div><h4><strong>9. Les principales lois concern\u00e9es.<\/strong><\/h4><div style=\"text-align: justify;\">Loi n\u00b0 78-17 du 6 janvier 1978, notamment modifi\u00e9e par la loi n\u00b0 2004-801 du 6 ao\u00fbt 2004 relative \u00e0 l\u2019informatique, aux fichiers et aux libert\u00e9s.<br \/>Loi n\u00b0 2004-575 du 21 juin 2004 pour la confiance dans l\u2019\u00e9conomie num\u00e9rique.<\/div>\t\t\t\t\t\t\t\t<\/div>\n\t\t\t\t<\/div>\n\t\t\t\t\t<\/div>\n\t\t<\/div>\n\t\t\t\t\t<\/div>\n\t\t<\/section>\n\t\t\t\t<\/div>\n\t\t","protected":false},"excerpt":{"rendered":"<p>Lig\u00e9a automatismes SASU au capital de 2 000 \u20acRCS Pontoise 839 768 926 00017Code APE 2612ZSIRET : 83976892600017TVA : FR92839768926Si\u00e8ge social : 9 rue des c\u00e9pages &#8211; 95300 PONTOISE &#8211; FranceDirecteur de la publication : G\u00e9rard PERRIN\u00a0Adresse mail de contact : contact@ligea.frT\u00e9l\u00e9phone de contact : 07 68 23 43 29\u00a0 1 &#8211; H\u00e9bergement. 02switchChemin des [&hellip;]<\/p>\n","protected":false},"author":1,"featured_media":0,"parent":0,"menu_order":0,"comment_status":"closed","ping_status":"closed","template":"","meta":{"ocean_post_layout":"","ocean_both_sidebars_style":"","ocean_both_sidebars_content_width":0,"ocean_both_sidebars_sidebars_width":0,"ocean_sidebar":"0","ocean_second_sidebar":"0","ocean_disable_margins":"enable","ocean_add_body_class":"","ocean_shortcode_before_top_bar":"","ocean_shortcode_after_top_bar":"","ocean_shortcode_before_header":"","ocean_shortcode_after_header":"","ocean_has_shortcode":"","ocean_shortcode_after_title":"","ocean_shortcode_before_footer_widgets":"","ocean_shortcode_after_footer_widgets":"","ocean_shortcode_before_footer_bottom":"","ocean_shortcode_after_footer_bottom":"","ocean_display_top_bar":"default","ocean_display_header":"default","ocean_header_style":"","ocean_center_header_left_menu":"0","ocean_custom_header_template":"0","ocean_custom_logo":0,"ocean_custom_retina_logo":0,"ocean_custom_logo_max_width":0,"ocean_custom_logo_tablet_max_width":0,"ocean_custom_logo_mobile_max_width":0,"ocean_custom_logo_max_height":0,"ocean_custom_logo_tablet_max_height":0,"ocean_custom_logo_mobile_max_height":0,"ocean_header_custom_menu":"0","ocean_menu_typo_font_family":"0","ocean_menu_typo_font_subset":"","ocean_menu_typo_font_size":0,"ocean_menu_typo_font_size_tablet":0,"ocean_menu_typo_font_size_mobile":0,"ocean_menu_typo_font_size_unit":"px","ocean_menu_typo_font_weight":"","ocean_menu_typo_font_weight_tablet":"","ocean_menu_typo_font_weight_mobile":"","ocean_menu_typo_transform":"","ocean_menu_typo_transform_tablet":"","ocean_menu_typo_transform_mobile":"","ocean_menu_typo_line_height":0,"ocean_menu_typo_line_height_tablet":0,"ocean_menu_typo_line_height_mobile":0,"ocean_menu_typo_line_height_unit":"","ocean_menu_typo_spacing":0,"ocean_menu_typo_spacing_tablet":0,"ocean_menu_typo_spacing_mobile":0,"ocean_menu_typo_spacing_unit":"","ocean_menu_link_color":"","ocean_menu_link_color_hover":"","ocean_menu_link_color_active":"","ocean_menu_link_background":"","ocean_menu_link_hover_background":"","ocean_menu_link_active_background":"","ocean_menu_social_links_bg":"","ocean_menu_social_hover_links_bg":"","ocean_menu_social_links_color":"","ocean_menu_social_hover_links_color":"","ocean_disable_title":"default","ocean_disable_heading":"default","ocean_post_title":"","ocean_post_subheading":"","ocean_post_title_style":"","ocean_post_title_background_color":"","ocean_post_title_background":0,"ocean_post_title_bg_image_position":"","ocean_post_title_bg_image_attachment":"","ocean_post_title_bg_image_repeat":"","ocean_post_title_bg_image_size":"","ocean_post_title_height":0,"ocean_post_title_bg_overlay":0.5,"ocean_post_title_bg_overlay_color":"","ocean_disable_breadcrumbs":"default","ocean_breadcrumbs_color":"","ocean_breadcrumbs_separator_color":"","ocean_breadcrumbs_links_color":"","ocean_breadcrumbs_links_hover_color":"","ocean_display_footer_widgets":"default","ocean_display_footer_bottom":"default","ocean_custom_footer_template":"0","footnotes":""},"class_list":["post-991","page","type-page","status-publish","hentry","entry","owp-thumbs-layout-horizontal","owp-btn-normal","owp-tabs-layout-horizontal","has-no-thumbnails"],"jetpack_sharing_enabled":true,"_links":{"self":[{"href":"https:\/\/www.modelisme.ligea.fr\/index.php\/wp-json\/wp\/v2\/pages\/991","targetHints":{"allow":["GET"]}}],"collection":[{"href":"https:\/\/www.modelisme.ligea.fr\/index.php\/wp-json\/wp\/v2\/pages"}],"about":[{"href":"https:\/\/www.modelisme.ligea.fr\/index.php\/wp-json\/wp\/v2\/types\/page"}],"author":[{"embeddable":true,"href":"https:\/\/www.modelisme.ligea.fr\/index.php\/wp-json\/wp\/v2\/users\/1"}],"replies":[{"embeddable":true,"href":"https:\/\/www.modelisme.ligea.fr\/index.php\/wp-json\/wp\/v2\/comments?post=991"}],"version-history":[{"count":40,"href":"https:\/\/www.modelisme.ligea.fr\/index.php\/wp-json\/wp\/v2\/pages\/991\/revisions"}],"predecessor-version":[{"id":3270,"href":"https:\/\/www.modelisme.ligea.fr\/index.php\/wp-json\/wp\/v2\/pages\/991\/revisions\/3270"}],"wp:attachment":[{"href":"https:\/\/www.modelisme.ligea.fr\/index.php\/wp-json\/wp\/v2\/media?parent=991"}],"curies":[{"name":"wp","href":"https:\/\/api.w.org\/{rel}","templated":true}]}}